246. Calculate x(-305).
131
Let y(k) = -904*k + 32823. Determine y(41).
-4241
Let u(j) = j**3 + 83*j**2 + 1276*j - 943. Determine u(-62).
669
Let j(r) = -10*r**2 - 714*r + 70. Calculate j(-72).
-362
Let c(r) = -r**3 + 36*r**2 - 252*r - 174. Give c(26).
34
Let x(a) = 1129*a - 40210. What is x(37)?
1563
Let u(b) = -1506*b - 29211. Give u(-20).
909
Let h(t) = -3*t**2 - 22*t + 316. Give h(-14).
36
Let a(u) = 81*u**2 - 198*u - 136. What is a(3)?
-1
Let s(x) = -107*x + 18853. What is s(176)?
21
Let l(x) = x**2 - 393*x + 16527. Give l(48).
-33
Let i(v) = -1912*v**2 - 491383*v + 319. Calculate i(-257).
62
Let l(a) = -a**3 - 5*a**2 + 52*a + 256. Give l(-7).
-10
Let p(w) = -6952*w + 187702. Give p(27).
-2
Let y(x) = 71*x**2 - 24*x + 40. What is y(-7)?
3687
Let f(m) = -2820*m + 62049. What is f(22)?
9
Let v(m) = 288*m - 1468. Determine v(9).
1124
Let t(n) = -126*n**2 - 191*n - 124. What is t(-1)?
-59
Let r(f) = -130*f + 538. Determine r(11).
-892
Let z(q) = 889*q + 245428. What is z(-276)?
64
Let g(c) = c**3 - 13*c**2 - 635*c + 71. Calculate g(32).
-793
Let i(t) = -66720*t + 26688004. Give i(400).
4
Let o(i) = -9*i**2 + 770*i - 6795. What is o(10)?
5
Let l(i) = -i**3 + 239*i**2 + 12*i - 2874. Calculate l(239).
-6
Let i(u) = 6*u**3 - 70*u**2 - 47*u + 18. Give i(13).
759
Let s(k) = 77*k**3 - 384*k**2 + 3*k + 28. Calculate s(5).
68
Let x(v) = -118431*v + 7698060. Determine x(65).
45
Let h(m) = -m**3 - 142*m**2 - 1516*m + 5812. Calculate h(-130).
92
Let o(m) = -755*m + 89827. What is o(119)?
-18
Let p(u) = 19*u**2 - 401*u + 961. Determine p(18).
-101
Let p(b) = -1058235*b + 7407638. What is p(7)?
-7
Let r(g) = 3*g**2 + 141*g + 541. Calculate r(-42).
-89
Let g(i) = 1681*i - 211465. Give g(126).
341
Let l(n) = n**3 + 18*n**2 - 487*n + 356. What is l(-33)?
92
Let f(c) = 10*c**2 - 187099*c - 187097. Determine f(-1).
12
Let g(a) = -5*a**3 - 141*a**2 - 1384*a - 128. Calculate g(-10).
4612
Let r(o) = 18059*o + 270879. Give r(-15).
-6
Let t(y) = 40509*y + 688659. What is t(-17)?
6
Let o(j) = -8768*j + 105209. Determine o(12).
-7
Let m(u) = -60*u**2 - 3742*u - 4995. Determine m(-61).
7
Let w(l) = -734*l - 51396. What is w(-70)?
-16
Let m(k) = 810*k + 6591. Give m(-9).
-699
Let f(g) = 7971*g + 572919. Determine f(-72).
-993
Let z(g) = -3*g**2 + 347*g - 3007. Calculate z(107).
-225
Let i(n) = n**2 - 503*n - 81527. Give i(-129).
1
Let m(t) = 2*t**3 + t**2 - 168016*t - 336024. Determine m(-2).
-4
Let v(n) = -788253*n - 788251. Calculate v(-1).
2
Let u(l) = l**3 + 8355*l**2 - 75266*l - 84. Calculate u(9).
6
Let h(s) = -41*s**2 - 109*s - 1. What is h(-6)?
-823
Let b(t) = 24*t**2 - 154*t - 845. Give b(10).
15
Let x(v) = -55*v**2 - 533*v + 191. Give x(-10).
21
Let y(v) = -2*v**3 + 49*v**2 + 97*v - 1973. Determine y(25).
-173
Let o(a) = -170*a + 22583. Calculate o(132).
143
Let a(g) = 527*g**3 - 34782*g**2 - 27*g + 1788. What is a(66)?
6
Let p(j) = j**3 + 31*j**2 + 361*j + 1213. Determine p(-5).
58
Let c(i) = i**2 - 1683*i + 82415. Determine c(51).
-817
Let w(s) = 2478*s - 75067. Determine w(30).
-727
Let k(y) = 1407*y**3 - y**2 - 157*y - 156. What is k(-1)?
-1407
Let w(u) = 2318*u - 7509. Determine w(4).
1763
Let s(g) = -15*g**3 + 95*g**2 - 19*g + 17. Determine s(8).
-1735
Let h(k) = 205*k**2 - 463*k. Give h(3).
456
Let d(j) = -j**3 - 371*j**2 + 1494*j + 10. Determine d(4).
-14
Let f(i) = 2*i**3 - 353*i**2 - 561*i + 4779. Give f(178).
-27
Let b(i) = -10*i**3 - 153*i**2 + 547*i + 9021. Calculate b(-15).
141
Let k(g) = -5*g**2 + 316*g - 4665. Calculate k(28).
263
Let q(h) = -h**3 - 351*h**2 + 406*h + 19010. Determine q(-352).
2
Let c(o) = -o**2 + 198*o - 5510. Give c(136).
2922
Let t(i) = 2*i**2 - 5293*i - 85203. Calculate t(-16).
-3
Let m(s) = 226*s - 42213. Calculate m(164).
-5149
Let g(y) = y**2 + 365*y - 135160. Determine g(228).
44
Let n(h) = -3*h**3 - 31*h**2 + 16*h + 285. What is n(-10)?
25
Let c(n) = -n**3 + 12*n**2 - 31*n - 40. Calculate c(-1).
4
Let m(i) = 2*i**3 - 70*i**2 + 22886*i - 801017. Calculate m(35).
-7
Let n(r) = 2*r**3 - 93*r**2 + 167*r - 1345. What is n(45)?
95
Let n(y) = -272*y - 14605. Determine n(-53).
-189
Let u(w) = 11053*w - 287562. Give u(26).
-184
Let x(a) = -13*a**2 - 8261*a - 20249. Determine x(-633).
7
Let k(j) = -5*j**3 - 10*j**2 + 34*j - 15. Determine k(4).
-359
Let d(u) = -u**3 + 40*u**2 - 197*u + 4553. Give d(38).
-45
Let o(x) = 15*x**2 - 42*x - 236. Give o(-6).
556
Let h(t) = -12300*t - 86103. Calculate h(-7).
-3
Let t(r) = r**3 + 81*r**2 + 1206*r - 9724. What is t(-30)?
-4
Let a(b) = -10846*b + 76214. Give a(7).
292
Let b(s) = s**2 - 2123*s + 362063. Determine b(187).
31
Let y(j) = 57227*j - 8240691. What is y(144)?
-3
Let d(o) = -o**3 - 230*o**2 - 12748*o - 641. Calculate d(-93).
10
Let n(s) = 2*s**3 + 135*s**2 + 217*s + 1412. What is n(-66)?
158
Let i(f) = 488*f + 20856. Calculate i(-43).
-128
Let w(c) = -c**3 + c**2 + 385*c - 1587. Calculate w(0).
-1587
Let k(b) = -367*b + 2228. Determine k(6).
26
Let b(r) = -r**2 + 846900*r + 4234520. Give b(-5).
-5
Let t(x) = 2*x**3 + 12*x**2 + 731*x + 4387. Determine t(-6).
1
Let w(h) = -3*h**3 - 14*h**2 + 67*h - 16. Determine w(-6).
-274
Let s(n) = -3*n**3 + 91*n**2 - 109*n + 2318. Determine s(30).
-52
Let w(y) = -8*y**2 + 293*y + 1548. Give w(-5).
-117
Let w(o) = -o**3 - 190*o**2 + 245*o + 10260. Calculate w(-191).
-54
Let l(q) = -129*q**2 - 788*q - 83. Calculate l(-6).
1
Let b(u) = 5*u**3 + 86*u**2 + 85*u + 2073. Calculate b(-18).
-753
Let x(w) = w**3 + 25*w**2 - 21*w - 378. Give x(-25).
147
Let f(h) = -2391*h - 16758. Calculate f(-7).
-21
Let q(m) = 33*m**2 - 21171*m - 42337. What is q(-2)?
137
Let k(s) = 7*s**2 + 8701*s - 78553. Determine k(9).
323
Let z(p) = 66*p + 2962. Give z(-38).
454
Let i(v) = v**3 + 13*v**2 + 29*v + 125. Give i(-11).
48
Let h(p) = p**3 + 102*p**2 - 422*p + 294. Calculate h(-106).
82
Let r(k) = -20656*k - 309840. Give r(-15).
0
Let f(u) = -u**2 - 757*u + 11498. What is f(15)?
-82
Let w(v) = v**3 + 326*v**2 - 2995*v - 131. Give w(9).
49
Let u(l) = -54*l**2 - 38*l + 94. What is u(8)?
-3666
Let t(v) = 159*v + 3682. Calculate t(-20).
502
Let p(a) = -a**2 - 81*a - 1164. Calculate p(-42).
474
Let x(s) = -30*s**3 + 11*s**2 + 63*s + 102. Calculate x(-3).
822
Let r(y) = -161*y - 52381. Give r(-328).
427
Let o(u) = u**2 + 13809*u - 276537. Determine o(20).
43
Let j(o) = 1416*o + 11355. Give j(-8).
27
Let q(a) = -a**2 + 7*a + 544. Give q(35).
-436
Let c(a) = 8*a**3 + 1739*a**2 + 9118*a + 395. What is c(-212)?
-29
Let a(m) = 5*m**3 + 274*m**2 - 54*m + 44. Give a(-55).
-11
Let d(u) = 96*u**2 + 41851*u - 2163. Determine d(-436).
17
Let i(b) = b**2 - 5806*b + 4175568. Give i(841).
3
Let m(w) = -3*w**3 - 681*w**2 + 3561*w + 18750. Determine m(-232).
-42
Let n(y) = -y**3 + 196*y**2 - 65*y + 12896. Calculate n(196).
156
Let u(g) = g**3 + 3*g**2 - 135*g - 135. What is u(-13)?
-70
Let u(z) = z**3 + 8*z**2 - 700*z - 2103. What is u(-3)?
42
Let u(r) = -1013*r + 66748. What is u(66)?
-110
Let g(r) = 244*r**2 - 14887*r + 190. Determine g(61).
7
Let m(j) = -98250*j + 393006. What is m(4)?
6
Let x(j) = 3*j**3 - 151*j**2 + 948*j - 74. What is x(43)?
12
Let t(w) = -28*w**2 + 885*w - 37. What is t(28)?
2791
Let c(a) = 6*a**3 + 712*a**2 - 232*a + 92. What is c(-119)?
-622
Let u(i) = i**3 + 2620*i**2 - 2612*i - 4. What is u(1)?
5
Let c(r) = -1094*r**2 - 449639*r - 2053. Give c(-411).
2
Let z(x) = -18*x**3 - 3*x**2 - 83*x + 175. Give z(2).
-147
Let h(z) = 3255*z + 286564. What is h(-88)?
124
Let c(h) = -2*h**3 + 58*h**2 + 36*h - 988. Calculate c(29).
56
Let j(v) = -2*v**3 + 19*v**2 - 4701*v + 37577. Calculate j(8).
161
Let z(q) = 84277*q + 11377420. Determine z(-135).
25
Let y(g) = g**3 - 2533*g**2 - 12685*g + 23. Calculate y(-5).
-2
Let t(w) = -48*w**2 - 727*w - 2855. Calculate t(-8).
-111
Let n(u) = -14*u**3 + 240*u**2 - 45*u + 184. Calculate n(17).
-3
Let a(s) = -1582*s + 188275. What is a(119)?
17
Let j(a) = 93*a**3 - 2*a**2 + 214*a - 650. What is j(3)?
2485
Let n(r) = -85*r + 6072. Give n(71).
37
Let m(g) = -29*g**2 + 5198*g - 535. Determine m(179).
718
Let h(r) = 70202*r - 421341. Determine h(6).
-129
Let i(z) = -417*z + 12003. What is i(27)?
744
Let f(u) = 24*u**2 - 2109*u - 6374. Determine f(-3).
169
Let n(i) = 27*i**2 - 12*i - 86. Calculate n(-7).
1321
Let j(l) = -637*l + 66230. Give j(104